{"id":882,"date":"2026-03-30T11:35:10","date_gmt":"2026-03-30T11:35:10","guid":{"rendered":"https:\/\/guidasso-lareunion.org\/?page_id=882"},"modified":"2026-03-30T11:35:30","modified_gmt":"2026-03-30T11:35:30","slug":"politique-de-confidentialite","status":"publish","type":"page","link":"https:\/\/guidasso-lareunion.org\/index.php\/politique-de-confidentialite\/","title":{"rendered":"Politique de confidentialit\u00e9"},"content":{"rendered":"<p>[et_pb_section fb_built=\u00a0\u00bb1&Prime; theme_builder_area=\u00a0\u00bbpost_content\u00a0\u00bb _builder_version=\u00a0\u00bb4.27.5&Prime; _module_preset=\u00a0\u00bbdefault\u00a0\u00bb background_color=\u00a0\u00bb#7CDA24&Prime; hover_enabled=\u00a0\u00bb0&Prime; sticky_enabled=\u00a0\u00bb0&Prime; custom_padding=\u00a0\u00bb||12px|||\u00a0\u00bb][et_pb_row _builder_version=\u00a0\u00bb4.27.5&Prime; _module_preset=\u00a0\u00bbdefault\u00a0\u00bb theme_builder_area=\u00a0\u00bbpost_content\u00a0\u00bb custom_padding=\u00a0\u00bb13px|||||\u00a0\u00bb][et_pb_column _builder_version=\u00a0\u00bb4.27.5&Prime; _module_preset=\u00a0\u00bbdefault\u00a0\u00bb type=\u00a0\u00bb4_4&Prime; theme_builder_area=\u00a0\u00bbpost_content\u00a0\u00bb][et_pb_text _builder_version=\u00a0\u00bb4.27.5&Prime; _module_preset=\u00a0\u00bbdefault\u00a0\u00bb theme_builder_area=\u00a0\u00bbpost_content\u00a0\u00bb header_2_font=\u00a0\u00bbLeague Spartan|700||on|||||\u00a0\u00bb header_2_text_align=\u00a0\u00bbcenter\u00a0\u00bb header_2_text_color=\u00a0\u00bb#FFFFFF\u00a0\u00bb hover_enabled=\u00a0\u00bb0&Prime; sticky_enabled=\u00a0\u00bb0&Prime; header_font=\u00a0\u00bbLeague Spartan|100|||||||\u00a0\u00bb header_2_font_size=\u00a0\u00bb33px\u00a0\u00bb]<\/p>\n<h2>POLITIQUE DE CONFIDENTIALIT\u00c9<\/h2>\n<p>[\/et_pb_text][\/et_pb_column][\/et_pb_row][\/et_pb_section][et_pb_section fb_built=\u00a0\u00bb1&Prime; theme_builder_area=\u00a0\u00bbpost_content\u00a0\u00bb _builder_version=\u00a0\u00bb4.27.5&Prime; _module_preset=\u00a0\u00bbdefault\u00a0\u00bb custom_padding=\u00a0\u00bb2px|||||\u00a0\u00bb][et_pb_row _builder_version=\u00a0\u00bb4.27.5&Prime; _module_preset=\u00a0\u00bbdefault\u00a0\u00bb theme_builder_area=\u00a0\u00bbpost_content\u00a0\u00bb][et_pb_column _builder_version=\u00a0\u00bb4.27.5&Prime; _module_preset=\u00a0\u00bbdefault\u00a0\u00bb type=\u00a0\u00bb4_4&Prime; theme_builder_area=\u00a0\u00bbpost_content\u00a0\u00bb][et_pb_text _builder_version=\u00a0\u00bb4.27.5&Prime; _module_preset=\u00a0\u00bbdefault\u00a0\u00bb theme_builder_area=\u00a0\u00bbpost_content\u00a0\u00bb hover_enabled=\u00a0\u00bb0&Prime; sticky_enabled=\u00a0\u00bb0&Prime;]<\/p>\n<p><strong><em>Date de mise \u00e0 jour : 30 mars 2026<\/em><\/strong><\/p>\n<p><em>La pr\u00e9sente politique de confidentialit\u00e9 d\u00e9finit et vous informe de la mani\u00e8re dont le Mouvement associatif de La R\u00e9union utilise et prot\u00e8ge les informations que vous nous transmettez, le cas \u00e9ch\u00e9ant, lorsque vous utilisez le pr\u00e9sent site accessible \u00e0 partir de l\u2019URL suivante : https:\/\/guidasso-lareunion.org\/ (ci-apr\u00e8s d\u00e9nomm\u00e9 le \u00ab site \u00bb). Veuillez noter que cette politique de confidentialit\u00e9 est susceptible d\u2019\u00eatre modifi\u00e9e ou compl\u00e9t\u00e9e \u00e0 tout moment par le Mouvement associatif de La R\u00e9union, notamment en vue de se conformer \u00e0 toute \u00e9volution l\u00e9gislative, r\u00e8glementaire, jurisprudentielle ou technologique. Dans un tel cas, la date de sa mise \u00e0 jour sera clairement identifi\u00e9e en t\u00eate de la pr\u00e9sente politique. Ces modifications engagent l\u2019utilisateur d\u00e8s leur mise en ligne. Il convient par cons\u00e9quent que l\u2019utilisateur consulte r\u00e9guli\u00e8rement la pr\u00e9sente politique de confidentialit\u00e9 et d\u2019utilisation des cookies afin de prendre connaissance de ses \u00e9ventuelles modifications.<\/em><\/p>\n<p><em><\/em><\/p>\n<h4>I. DONN\u00c9ES PERSONNELLES<\/h4>\n<h5><\/h5>\n<h5>1. COLLECTE DE DONN\u00c9ES<\/h5>\n<p><span>D\u2019une mani\u00e8re g\u00e9n\u00e9rale, il vous est possible de visiter le site du Mouvement associatif de La R\u00e9union sans communiquer aucune information personnelle vous concernant. Aucune information personnelle n\u2019est collect\u00e9e via un formulaire ou un compte utilisateur standard. En toute hypoth\u00e8se, vous n\u2019\u00eates en aucune mani\u00e8re oblig\u00e9 de transmettre ces informations au Mouvement associatif de La R\u00e9union.<br \/><\/span><\/p>\n<h5>2. IDENTIT\u00c9 DU RESPONSABLE DU TRAITEMENT<\/h5>\n<p><span>Le responsable du traitement est le Mouvement associatif de La R\u00e9union, dont le si\u00e8ge social est situ\u00e9 21 rue de Madagascar, 97400, Saint-Denis \u2013 La R\u00e9union. Email : <a href=\"mailto:lgopal@lemouvementassociatif.org\">lgopal@lemouvementassociatif.org<\/a><\/span><\/p>\n<h5>3. ACC\u00c8S AUX ESPACES RETREINTS<\/h5>\n<p>L\u2019acc\u00e8s \u00e0 l\u2019espace <strong data-start=\"1686\" data-end=\"1714\">\u201cStructures labellis\u00e9es\u201d<\/strong> est r\u00e9serv\u00e9 aux personnes autoris\u00e9es.<\/p>\n<p>Les droits d\u2019acc\u00e8s sont v\u00e9rifi\u00e9s manuellement par l\u2019\u00e9quipe du site.<\/p>\n<p>Les informations relatives aux utilisateurs autoris\u00e9s sont <strong data-start=\"1888\" data-end=\"1919\">strictement confidentielles<\/strong> et ne sont pas partag\u00e9es avec des tiers (cf. article 32, RGPD \u2013 s\u00e9curit\u00e9 des donn\u00e9es).<\/p>\n<h5>4. COOKIES ET TRA\u00c7EURS<\/h5>\n<p data-start=\"2036\" data-end=\"2067\">Le site utilise des cookies :<\/p>\n<ul data-start=\"2069\" data-end=\"2272\">\n<li data-section-id=\"1iihxjk\" data-start=\"2069\" data-end=\"2154\"><strong data-start=\"2071\" data-end=\"2093\">Cookies techniques<\/strong> : n\u00e9cessaires au fonctionnement du site (Divi, WordPress).<\/li>\n<li data-section-id=\"15u2vvk\" data-start=\"2155\" data-end=\"2272\"><strong data-start=\"2157\" data-end=\"2180\">Cookies analytiques<\/strong> : facultatifs, destin\u00e9s \u00e0 mesurer la fr\u00e9quentation et am\u00e9liorer l\u2019exp\u00e9rience utilisateur.<\/li>\n<\/ul>\n<p data-start=\"2274\" data-end=\"2531\">Conform\u00e9ment \u00e0 la <strong data-start=\"2292\" data-end=\"2334\">loi n\u00b078-17 du 6 janvier 1978 modifi\u00e9e<\/strong> et aux recommandations de la CNIL, le site <strong data-start=\"2378\" data-end=\"2408\">demande votre consentement<\/strong> avant le d\u00e9p\u00f4t de cookies non essentiels. Vous pouvez accepter ou refuser les cookies via la <strong data-start=\"2502\" data-end=\"2530\">banni\u00e8re de consentement<\/strong>.<\/p>\n<h5 data-start=\"2274\" data-end=\"2531\">5. S\u00c9CURIT\u00c9<\/h5>\n<p data-start=\"2550\" data-end=\"2646\">Nous mettons en \u0153uvre des mesures techniques et organisationnelles pour prot\u00e9ger vos donn\u00e9es :<\/p>\n<ul data-start=\"2648\" data-end=\"2817\">\n<li data-section-id=\"1nq41t0\" data-start=\"2648\" data-end=\"2669\">Chiffrement HTTPS<\/li>\n<li data-section-id=\"17wllin\" data-start=\"2670\" data-end=\"2713\">Contr\u00f4le d\u2019acc\u00e8s aux espaces restreints<\/li>\n<li data-section-id=\"tjclzv\" data-start=\"2714\" data-end=\"2817\">Mise \u00e0 jour r\u00e9guli\u00e8re de WordPress, Divi et plugins<br data-start=\"2767\" data-end=\"2770\" \/>(cf. article 32, RGPD \u2013 s\u00e9curit\u00e9 du traitement)<\/li>\n<\/ul>\n<h5>6. DROITS DES UTILISATEURS<\/h5>\n<p data-start=\"2851\" data-end=\"2993\">Conform\u00e9ment aux articles 15 \u00e0 22 du <strong data-start=\"2888\" data-end=\"2896\">RGPD<\/strong> et \u00e0 la <strong data-start=\"2905\" data-end=\"2954\">loi Informatique et Libert\u00e9s n\u00b078-17 modifi\u00e9e<\/strong>, vous disposez des droits suivants :<\/p>\n<ul data-start=\"2995\" data-end=\"3348\">\n<li data-section-id=\"gafbrb\" data-start=\"2995\" data-end=\"3069\"><strong data-start=\"2997\" data-end=\"3014\">Droit d\u2019acc\u00e8s<\/strong> : demander les informations stock\u00e9es vous concernant<\/li>\n<li data-section-id=\"1awh277\" data-start=\"3070\" data-end=\"3140\"><strong data-start=\"3072\" data-end=\"3098\">Droit de rectification<\/strong> : corriger ou mettre \u00e0 jour vos donn\u00e9es<\/li>\n<li data-section-id=\"qeop4c\" data-start=\"3141\" data-end=\"3251\"><strong data-start=\"3143\" data-end=\"3165\">Droit d\u2019opposition<\/strong> : retirer votre acc\u00e8s \u00e0 l\u2019espace restreint ou vous opposer \u00e0 l\u2019usage de vos donn\u00e9es<\/li>\n<li data-section-id=\"qx86wn\" data-start=\"3252\" data-end=\"3348\">Pour exercer ces droits, contactez l\u2019\u00e9quipe Guid\u2019Asso via l\u2019adresse email fournie sur le site.<\/li>\n<\/ul>\n<p data-start=\"3350\" data-end=\"3415\">Le d\u00e9lai de r\u00e9ponse est d\u2019<strong data-start=\"3376\" data-end=\"3395\">un mois maximum<\/strong> (article 12, RGPD).<\/p>\n<h5 data-start=\"3350\" data-end=\"3415\">7. TRANSFERT VERS UN PAYS TIERS<\/h5>\n<p>Aucun transfert de donn\u00e9es personnelles n\u2019est effectu\u00e9 en dehors de l\u2019Union europ\u00e9enne pour ce site. Les documents Drive sont accessibles uniquement aux utilisateurs autoris\u00e9s.<\/p>\n<h5>8. PLAINTE AUX AUTORIT\u00c9S COMP\u00c9TENTES<\/h5>\n<p>Vous pouvez adresser une plainte aupr\u00e8s de la <strong data-start=\"3726\" data-end=\"3734\">CNIL<\/strong> si vous estimez que vos droits ne sont pas respect\u00e9s :\u00a0<a data-start=\"3790\" data-end=\"3874\" class=\"decorated-link\" rel=\"noopener\" target=\"_new\" href=\"https:\/\/www.cnil.fr\/fr\/plaintes\/internet\">https:\/\/www.cnil.fr\/fr\/plaintes\/internet<\/a><\/p>\n<h4>II. POLITIQUE RELATIVE AUX COOKIES<\/h4>\n<p>Lors de votre premi\u00e8re visite, une banni\u00e8re de cookies appara\u00eet pour vous informer et recueillir votre consentement.<\/p>\n<h5>1. COOKIES EXEMPT\u00c9S DE CONSENTEMENT<\/h5>\n<p data-start=\"441\" data-end=\"602\">Certains cookies sont strictement n\u00e9cessaires au fonctionnement du site et ne n\u00e9cessitent pas votre consentement, conform\u00e9ment aux recommandations de la CNIL :<\/p>\n<ul data-start=\"604\" data-end=\"763\">\n<li data-section-id=\"5ebyzm\" data-start=\"604\" data-end=\"673\">Cookies permettant le chargement et l\u2019affichage correct des pages<\/li>\n<li data-section-id=\"5mtm8j\" data-start=\"674\" data-end=\"763\">Cookies li\u00e9s aux r\u00e9glages techniques du site (ex. mise en page, polices, th\u00e8mes Divi)<\/li>\n<\/ul>\n<p data-start=\"765\" data-end=\"898\">Ces cookies <strong data-start=\"777\" data-end=\"833\">ne permettent pas de vous identifier personnellement<\/strong> et sont indispensables pour que le site fonctionne correctement.<\/p>\n<h5 data-start=\"765\" data-end=\"898\">2. COOKIES N\u00c9CESSITANT CONSENTEMENT<\/h5>\n<ul data-start=\"4331\" data-end=\"4475\">\n<li data-section-id=\"jrzutk\" data-start=\"4331\" data-end=\"4391\">Cookies analytiques ou de mesure d\u2019audience (si activ\u00e9s)<\/li>\n<li data-section-id=\"9v3qux\" data-start=\"4392\" data-end=\"4475\">Cookies tiers pour partage sur r\u00e9seaux sociaux (Facebook, Twitter, Vimeo, etc.)<\/li>\n<\/ul>\n<p data-start=\"4477\" data-end=\"4646\">Vous pouvez g\u00e9rer vos pr\u00e9f\u00e9rences ou refuser ces cookies via la banni\u00e8re. Le refus des cookies n\u2019emp\u00eache pas l\u2019acc\u00e8s au site mais peut limiter certaines fonctionnalit\u00e9s.<\/p>\n<h5 data-start=\"4477\" data-end=\"4646\">3. PARAM\u00c9TRAGE DU NAVIGATEUR<\/h5>\n<p data-start=\"4682\" data-end=\"4762\">Vous pouvez \u00e9galement g\u00e9rer ou supprimer les cookies depuis votre navigateur :<\/p>\n<ul data-start=\"4764\" data-end=\"5095\">\n<li data-section-id=\"1udsku4\" data-start=\"4764\" data-end=\"4829\">Chrome : <a data-start=\"4775\" data-end=\"4827\" rel=\"noopener\" target=\"_new\" class=\"decorated-link\" href=\"https:\/\/support.google.com\/chrome\/answer\/95647?hl=fr\">https:\/\/support.google.com\/chrome\/answer\/95647?hl=fr<span aria-hidden=\"true\" class=\"ms-0.5 inline-block align-middle leading-none\"><svg xmlns=\"http:\/\/www.w3.org\/2000\/svg\" width=\"20\" height=\"20\" aria-hidden=\"true\" data-rtl-flip=\"\" class=\"block h-[0.75em] w-[0.75em] stroke-current stroke-[0.75]\"><use href=\"\/cdn\/assets\/sprites-core-lbtco6v1.svg#304883\" fill=\"currentColor\"><\/use><\/svg><\/span><\/a><\/li>\n<li data-section-id=\"yht93s\" data-start=\"4830\" data-end=\"4904\">Firefox : <a data-start=\"4842\" data-end=\"4902\" rel=\"noopener\" target=\"_new\" class=\"decorated-link\" href=\"https:\/\/support.mozilla.org\/fr\/kb\/activer-desactiver-cookies\">https:\/\/support.mozilla.org\/fr\/kb\/activer-desactiver-cookies<span aria-hidden=\"true\" class=\"ms-0.5 inline-block align-middle leading-none\"><svg xmlns=\"http:\/\/www.w3.org\/2000\/svg\" width=\"20\" height=\"20\" aria-hidden=\"true\" data-rtl-flip=\"\" class=\"block h-[0.75em] w-[0.75em] stroke-current stroke-[0.75]\"><use href=\"\/cdn\/assets\/sprites-core-lbtco6v1.svg#304883\" fill=\"currentColor\"><\/use><\/svg><\/span><\/a><\/li>\n<li data-section-id=\"16w2es5\" data-start=\"4905\" data-end=\"4971\">Safari : <a data-start=\"4916\" data-end=\"4969\" rel=\"noopener\" target=\"_new\" class=\"decorated-link\" href=\"https:\/\/support.apple.com\/kb\/PH21411?viewlocale=fr_FR\">https:\/\/support.apple.com\/kb\/PH21411?viewlocale=fr_FR<span aria-hidden=\"true\" class=\"ms-0.5 inline-block align-middle leading-none\"><svg xmlns=\"http:\/\/www.w3.org\/2000\/svg\" width=\"20\" height=\"20\" aria-hidden=\"true\" data-rtl-flip=\"\" class=\"block h-[0.75em] w-[0.75em] stroke-current stroke-[0.75]\"><use href=\"\/cdn\/assets\/sprites-core-lbtco6v1.svg#304883\" fill=\"currentColor\"><\/use><\/svg><\/span><\/a><\/li>\n<li data-section-id=\"19vrxnk\" data-start=\"4972\" data-end=\"5095\">Edge\/Internet Explorer : <a data-start=\"4999\" data-end=\"5093\" rel=\"noopener\" target=\"_new\" class=\"decorated-link\" href=\"https:\/\/support.microsoft.com\/fr-fr\/help\/17442\/windows-internet-explorer-delete-manage-cookies\">https:\/\/support.microsoft.com\/fr-fr\/help\/17442\/windows-internet-explorer-delete-manage-cookies<span aria-hidden=\"true\" class=\"ms-0.5 inline-block align-middle leading-none\"><svg xmlns=\"http:\/\/www.w3.org\/2000\/svg\" width=\"20\" height=\"20\" aria-hidden=\"true\" data-rtl-flip=\"\" class=\"block h-[0.75em] w-[0.75em] stroke-current stroke-[0.75]\"><use href=\"\/cdn\/assets\/sprites-core-lbtco6v1.svg#304883\" fill=\"currentColor\"><\/use><\/svg><\/span><\/a><\/li>\n<\/ul>\n<p data-start=\"5097\" data-end=\"5248\">Pour plus d\u2019informations : <a data-start=\"5124\" data-end=\"5248\" class=\"decorated-link\" rel=\"noopener\" target=\"_new\" href=\"https:\/\/www.cnil.fr\/fr\/cookies-les-outils-pour-les-maitriser\">https:\/\/www.cnil.fr\/fr\/cookies-les-outils-pour-les-maitriser<\/a><\/p>\n<p>[\/et_pb_text][\/et_pb_column][\/et_pb_row][\/et_pb_section]<\/p>\n","protected":false},"excerpt":{"rendered":"<p>POLITIQUE DE CONFIDENTIALIT\u00c9Date de mise \u00e0 jour : 30 mars 2026 La pr\u00e9sente politique de confidentialit\u00e9 d\u00e9finit et vous informe de la mani\u00e8re dont le Mouvement associatif de La R\u00e9union utilise et prot\u00e8ge les informations que vous nous transmettez, le cas \u00e9ch\u00e9ant, lorsque vous utilisez le pr\u00e9sent site accessible \u00e0 partir de l\u2019URL suivante : [&hellip;]<\/p>\n","protected":false},"author":2,"featured_media":0,"parent":0,"menu_order":0,"comment_status":"closed","ping_status":"closed","template":"","meta":{"_et_pb_use_builder":"on","_et_pb_old_content":"","_et_gb_content_width":"","footnotes":""},"class_list":["post-882","page","type-page","status-publish","hentry"],"_links":{"self":[{"href":"https:\/\/guidasso-lareunion.org\/index.php\/wp-json\/wp\/v2\/pages\/882","targetHints":{"allow":["GET"]}}],"collection":[{"href":"https:\/\/guidasso-lareunion.org\/index.php\/wp-json\/wp\/v2\/pages"}],"about":[{"href":"https:\/\/guidasso-lareunion.org\/index.php\/wp-json\/wp\/v2\/types\/page"}],"author":[{"embeddable":true,"href":"https:\/\/guidasso-lareunion.org\/index.php\/wp-json\/wp\/v2\/users\/2"}],"replies":[{"embeddable":true,"href":"https:\/\/guidasso-lareunion.org\/index.php\/wp-json\/wp\/v2\/comments?post=882"}],"version-history":[{"count":4,"href":"https:\/\/guidasso-lareunion.org\/index.php\/wp-json\/wp\/v2\/pages\/882\/revisions"}],"predecessor-version":[{"id":888,"href":"https:\/\/guidasso-lareunion.org\/index.php\/wp-json\/wp\/v2\/pages\/882\/revisions\/888"}],"wp:attachment":[{"href":"https:\/\/guidasso-lareunion.org\/index.php\/wp-json\/wp\/v2\/media?parent=882"}],"curies":[{"name":"wp","href":"https:\/\/api.w.org\/{rel}","templated":true}]}}